080.
305
Calculate the highest common factor of 45 and 111052590.
15
What is the greatest common factor of 739152 and 1184112?
432
What is the greatest common divisor of 1745014 and 234207?
491
What is the highest common divisor of 180110 and 22010?
310
What is the greatest common factor of 270 and 6096105?
45
What is the greatest common factor of 8271230 and 44?
22
Calculate the greatest common divisor of 30 and 83188530.
30
What is the greatest common factor of 42408 and 637887?
1767
Calculate the greatest common factor of 60566 and 46288.
22
What is the highest common factor of 31071823 and 3443?
313
Calculate the highest common factor of 65263079 and 2146.
1073
Calculate the greatest common divisor of 46 and 18391720.
46
Calculate the greatest common divisor of 1266 and 7746021.
633
What is the highest common divisor of 1783764 and 3?
3
Calculate the greatest common factor of 6225 and 5612709.
249
Calculate the greatest common divisor of 150 and 54840850.
50
Calculate the greatest common divisor of 198636570 and 85305.
7755
What is the greatest common factor of 942075 and 258093?
711
Calculate the greatest common factor of 2742 and 2772954.
6
Calculate the greatest common factor of 1628 and 53009900.
148
Calculate the greatest common factor of 11305756 and 115192.
3388
Calculate the greatest common divisor of 13615555 and 34.
17
Calculate the highest common divisor of 147 and 4937457.
21
Calculate the greatest common divisor of 11173776 and 1834.
262
Calculate the highest common factor of 40 and 48068120.
40
Calculate the highest common divisor of 136 and 558450.
34
What is the highest common factor of 1014806 and 4186?
598
Calculate the highest common factor of 4875753 and 204.
51
Calculate the greatest common factor of 11663690 and 107298.
3974
What is the highest common divisor of 26460 and 501060?
420
What is the greatest common factor of 2100 and 3123084?
12
What is the highest common factor of 45 and 11230263?
9
Calculate the highest common divisor of 494 and 91636259.
247
Calculate the greatest common divisor of 147824 and 1184.
16
What is the greatest common factor of 343 and 26535607?
49
What is the highest common divisor of 17910 and 130?
10
What is the greatest common factor of 10354 and 246202?
62
Calculate the highest common factor of 1322071255 and 8065.
8065
Calculate the highest common divisor of 4374 and 32275017.
729
What is the greatest common divisor of 512908 and 35288?
44
Calculate the greatest common factor of 591 and 30051759.
591
Calculate the highest common divisor of 8404224 and 28416.
768
Calculate the highest common divisor of 66 and 58559.
1
What is the highest common factor of 2583342 and 45?
9
Calculate the greatest common factor of 596 and 29701362.
298
Calculate the greatest common divisor of 80581455 and 29220.
7305
Calculate the greatest common divisor of 5940 and 336752460.
1980
Calculate the greatest common factor of 332 and 41176798.
166
What is the greatest common factor of 203973 and 4334?
11
What is the greatest common divisor of 29330 and 33705?
35
What is the highest common factor of 935810 and 130?
10
What is the greatest common divisor of 3437 and 34368527?
491
What is the highest common factor of 1149066 and 4078188?
6642
What is the greatest common factor of 813313 and 1403?
61
What is the highest common divisor of 1738922064 and 18336?
9168
Calculate the greatest common factor of 42 and 80506034.
14
Calculate the highest common factor of 9438 and 494934.
66
What is the highest common divisor of 342010 and 58?
2
Calculate the greatest common divisor of 115462631 and 1503.
167
Calculate the highest common factor of 1224 and 1624734.
18
Calculate the greatest common factor of 30115 and 1539456.
19
Calculate the greatest common factor of 53872278 and 123.
123
What is the greatest common divisor of 189442 and 550946?
1738
Calculate the greatest common divisor of 602 and 14975266.
86
Calculate the greatest common divisor of 850010 and 7630.
70
What is the greatest common divisor of 269 and 12329?
1
Calculate the highest common divisor of 16353 and 13320427.
1817
What is the highest common divisor of 7 and 2409353?
1
Calculate the greatest common divisor of 4752 and 2209328.
176
What is the greatest common divisor of 65747 and 39087?
43
Calculate the highest common factor of 39039544 and 133538.
5806
Calculate the highest common factor of 1756874 and 1120.
14
Calculate the highest common factor of 895716479 and 7.
7
What is the greatest common factor of 7231 and 2325283?
1033
Calculate the highest common divisor of 8694 and 5133002.
322
What is the greatest common divisor of 10815 and 75394455?
1545
What is the greatest common divisor of 992 and 28944018?
62
What is the greatest common factor of 8076 and 17866804?
2692
Calculate the highest common factor of 40725 and 2334600.
225
Calculate the greatest common divisor of 4455979 and 44.
11
What is the highest common factor of 1179039049 and 122?
61
What is the highest common divisor of 798842 and 49951?
11
Calculate the greatest common factor of 425 and 23656112.
17
What is the greatest common factor of 771 and 98287851?
771
What is the greatest common factor of 304513 and 133950?
893
What is the highest common factor of 130793433 and 423?
141
What is the highest common factor of 12669 and 3491391?
309
What is the highest common factor of 578 and 107692?
2
What is the greatest common divisor of 26 and 10550610?
2
What is the greatest common divisor of 75453288 and 2616?
2616
What is the greatest common factor of 9344 and 1936544?
2336
Calculate the greatest common divisor of 505 and 29056892.
101
Calculate the greatest common factor of 177576 and 1551072.
3624
Calculate the highest common divisor of 219897 and 392571.
477
What is the greatest common factor of 939322 and 2674856?
2602
Calculate the greatest common factor of 871116 and 277692.
3804
Calculate the highest common factor of 1073 and 15698619.
37
What is the highest common divisor of 17834 and 2499170?
482
Calculate the greatest common factor of 59862377 and 10345.
2069
Calculate the greatest common divisor of 61475 and 318900.
25
What is the highest common divisor of 5807234 and 3825?
17
What is the greatest common divisor of 177918 and 79014?
78
What is the greatest common factor of 193142 and 286482?
718
Calculate the greatest common divisor of 10 and 6977785.
5
What is the greatest common factor of 34775438 and 58123?
4471
What is the highest common factor of 10670 and 468303390?
970
What is the highest common divisor of 26355303 and 34710?
3471
Calculate the highest common factor of 265329 and 1593.
27
Calculate the greatest common divisor of 20064 and 45088824.
5016
What is the highest common divisor of 459801 and 1827?
9
Calculate the highest common factor of 34709691 and 69.
69
Calculate the highest common factor of 62726664 and 308.
308
What is the greatest common divisor of 80201596 and 698?
698
Calculate the highest common divisor of 216 and 12000752.
8
What is the highest common factor of 424650887 and 37?
37
Calculate the greatest common divisor of 133971148 and 5872.
1468
Calculate the greatest common divisor of 30152106 and 126.
18
Calculate the greatest common divisor of 3777840 and 275.
55
Calculate the greatest common divisor of 6927 and 558778.
2309
What is the greatest common divisor of 8847 and 2104603?
983
What is the highest common factor of 140983692 and 300?
12
What is the highest common divisor of 140426 and 23694?
22
What is the greatest common divisor of 1123344 and 8339?
269
What is the highest common divisor of 564 and 9633966?
282
Calculate the highest common factor of 4998912 and 1920.
384
What is the greatest common divisor of 976067 and 2264?
283
What is the highest common factor of 2829 and 22428795?
69
Calculate the greatest common divisor of 612731 and 24119.
271
What is the greatest common divisor of 4456 and 229776?
8
What is the greatest common divisor of 39454346 and 10?
2
Calculate the greatest common divisor of 1995 and 5401795.
665
What is the greatest common factor of 19037916 and 9?
9
What is the highest common divisor of 2084272 and 240?
16
What is the greatest common factor of 579904 and 4216?
136
What is the highest common factor of 119